3489. Give g(-11).
119
Let y(f) = -f**3 - 44*f**2 - 609*f - 2693. Determine y(-11).
13
Let r(u) = 4049*u + 1016302. Give r(-251).
3
Let f(y) = -y**3 + 28*y**2 - 174*y + 359. What is f(5)?
64
Let b(i) = i**3 - 52*i**2 + 442*i - 1097. Calculate b(6).
-101
Let q(r) = 4098*r**2 - 540936*r - 8. Calculate q(132).
-8
Let j(y) = -y**2 + 900*y + 18506. What is j(-20)?
106
Let w(v) = 14044*v - 1839753. Give w(131).
11
Let r(j) = j**3 - 4*j**2 + 356547*j - 713093. Give r(2).
-7
Let k(a) = a**3 + 81*a**2 + 329*a + 89. Calculate k(-4).
5
Let n(c) = -c**2 + 19*c + 3668. Give n(-42).
1106
Let f(w) = -209*w**3 + 10*w**2 + 12*w + 6. What is f(-2)?
1694
Let t(k) = k**3 - 5*k**2 - 1121*k + 5614. Calculate t(5).
9
Let s(z) = 2*z**2 + 39*z - 2241. Give s(-46).
197
Let p(b) = 2*b**3 - 306*b**2 + 10608*b - 794. Calculate p(100).
6
Let a(y) = -29*y**2 - 361*y - 1070. Give a(-8).
-38
Let v(q) = -q**3 + 118*q**2 - 746*q + 59521. Give v(116).
-103
Let a(p) = 17104*p - 2770856. Give a(162).
-8
Let a(h) = -3*h**3 + 50*h**2 - 74*h - 537. Give a(14).
-5
Let a(s) = 613*s - 16595. Determine a(27).
-44
Let h(v) = 15*v**3 + 2*v**2 - 2061*v - 4144. Determine h(-2).
-134
Let j(i) = -17440*i - 174439. Give j(-10).
-39
Let t(x) = 16*x**3 - 162*x**2 + 176*x - 176. Determine t(9).
-50
Let j(t) = t**2 - 1371*t + 446823. What is j(534)?
-135
Let d(z) = -9*z**2 + 288*z - 1184. Determine d(4).
-176
Let g(f) = -4*f**3 - 235*f**2 + 55*f - 71. Calculate g(-59).
165
Let c(n) = 20*n**2 + 890*n - 29. Give c(-45).
421
Let l(w) = 517089*w - 1551300. Give l(3).
-33
Let o(w) = -727*w**2 + 41442*w - 251. Give o(57).
-80
Let p(g) = 18*g**2 + 403*g + 1646. What is p(-17)?
-3
Let n(l) = -8*l**2 - 15*l + 1666. What is n(14)?
-112
Let s(m) = 12*m**2 - 5558*m + 59772. Determine s(11).
86
Let h(p) = -3338*p - 437274. Determine h(-131).
4
Let p(c) = c**3 + 112*c**2 + 7*c - 117. Determine p(-112).
-901
Let r(o) = o**2 + 25*o - 5323. Calculate r(59).
-367
Let h(c) = -17*c**2 + 4376*c + 79307. Calculate h(-17).
2
Let h(k) = k**2 + 6046*k - 7046030. Calculate h(1000).
-30
Let x(l) = -l**2 - 209901*l - 7. What is x(0)?
-7
Let s(f) = -394*f - 10381. Determine s(-27).
257
Let d(p) = -4514*p**3 - 4473*p**2 + 43*p - 4. Determine d(-1).
-6
Let z(m) = -689*m**2 + 4823*m + 6. Give z(7).
6
Let b(r) = -r**2 + 4852*r + 34022. Give b(-7).
9
Let m(k) = 5063*k + 106409. Give m(-21).
86
Let n(v) = -105*v**2 - 2889*v - 1444. Calculate n(-27).
14
Let r(h) = -98*h - 1171. Give r(6).
-1759
Let y(k) = 9*k**3 - 56*k**2 - 237*k - 28. Calculate y(9).
-136
Let p(k) = 30*k**2 + 60*k - 49. Give p(-4).
191
Let y(s) = 4725*s - 85160. What is y(18)?
-110
Let l(g) = 5*g**2 + 1207*g - 13359. Determine l(11).
523
Let t(d) = -9*d**2 + 1675*d - 6674. What is t(4)?
-118
Let n(a) = -136*a**2 - 1015*a + 609. Give n(-8).
25
Let o(t) = -891*t**2 - 2648*t - 8. Calculate o(-3).
-83
Let o(r) = -2059*r - 37062. What is o(-18)?
0
Let k(f) = -f**2 + 1225*f + 17346. Give k(-14).
0
Let n(g) = g**3 - 6*g**2 + 184*g - 176. Calculate n(1).
3
Let j(l) = 1636*l - 973479. What is j(595)?
-59
Let a(g) = 224*g + 39038. Determine a(-174).
62
Let p(v) = -v**3 + 48*v**2 + 1105*v + 60. Give p(-17).
60
Let m(l) = 10*l**2 - 153*l + 190. What is m(12)?
-206
Let v(o) = 45172*o + 361303. Give v(-8).
-73
Let j(s) = -255*s - 18340. Determine j(-74).
530
Let b(p) = 17548*p + 17546. Give b(-1).
-2
Let n(g) = 55*g**3 + 452*g**2 + 454*g + 7. Determine n(-1).
-50
Let c(a) = -1176*a**2 + 159883*a + 7217. What is c(136)?
9
Let r(k) = -58*k**2 + 7075*k + 245. What is r(122)?
123
Let v(a) = a**3 + 71*a**2 + 162*a + 349. Determine v(-69).
-1307
Let b(o) = 65*o - 1920. Determine b(25).
-295
Let k(a) = -7296*a - 110704. Give k(-15).
-1264
Let b(u) = 291*u + 8113. Give b(-27).
256
Let g(t) = 12290*t - 393405. Calculate g(32).
-125
Let i(l) = l**3 + 204*l**2 + 9622*l + 215. Calculate i(-130).
-45
Let s(j) = 144*j - 1344. Give s(9).
-48
Let i(l) = 108*l**3 + 229*l**2 - 230*l. Calculate i(1).
107
Let n(z) = -6368*z - 25934. Determine n(-4).
-462
Let p(a) = 2*a**3 + 57*a**2 + 142*a + 1018. Determine p(-27).
-629
Let y(s) = -2*s**2 + 135*s - 179. What is y(66)?
19
Let l(z) = -z**3 + 1138*z**2 + 13757*z + 49452. Determine l(1150).
2
Let p(g) = g**3 - 93*g**2 - 1992*g + 32. Give p(111).
698
Let k(h) = -2*h**3 - 5*h**2 - 10557*h + 52821. Determine k(5).
-339
Let f(t) = 297*t**2 - 139*t - 17. What is f(-4)?
5291
Let g(q) = -125358*q + 26074460. Give g(208).
-4
Let n(v) = -2*v**3 + 117*v**2 + 124*v - 3794. Calculate n(59).
41
Let j(v) = 11*v**3 + 368*v**2 + 2702*v - 178. Give j(-11).
-13
Let i(p) = -45*p**2 + 408*p + 70. Give i(11).
-887
Let z(n) = 1342*n + 45604. What is z(-34)?
-24
Let b(h) = 25361*h + 1065149. Determine b(-42).
-13
Let j(i) = 2*i**3 + 260*i**2 + 1725*i + 56. Calculate j(-7).
35
Let d(p) = 55*p**3 + 6*p**2 + 38*p - 1. What is d(-3)?
-1546
Let t(i) = -3*i**2 - 451*i + 2963. What is t(-154)?
1269
Let r(h) = -4*h**2 + 92*h + 128. Give r(33).
-1192
Let j(k) = -50*k**3 + 60*k**2 + 38*k - 133. What is j(6)?
-8545
Let j(s) = -s**3 - 41*s**2 - 401*s - 360. Determine j(-10).
550
Let s(z) = -7*z**3 + 1111*z**2 - 3166*z - 318. What is s(3)?
-6
Let m(z) = -14*z**2 - 1120*z + 5868. Give m(-85).
-82
Let a(p) = p**2 + 519*p + 58780. Calculate a(-352).
-4
Let j(c) = 9*c**2 + 14*c - 21. Give j(7).
518
Let m(k) = -k**3 - 22*k**2 - 131*k - 2060. Determine m(-20).
-240
Let x(b) = b**3 - 115*b**2 - 2113*b + 21195. What is x(130)?
5
Let q(i) = -i**3 + 170*i**2 + 345*i - 184. Calculate q(172).
-12
Let o(x) = 152*x**2 - 1282*x - 1417. Determine o(10).
963
Let u(v) = -v**3 + 5*v**2 + 52*v - 4779. Give u(-16).
-235
Let z(c) = c**3 + 314*c**2 + 3421*c + 26042. What is z(-303)?
-622
Let x(q) = -q**2 + 382*q - 3821. What is x(10)?
-101
Let z(k) = -6889*k + 20604. Give z(3).
-63
Let q(i) = 6*i**3 - 646*i**2 + 1057*i + 211. What is q(106)?
-107
Let f(y) = -8*y**2 + 3980*y + 23925. What is f(-6)?
-243
Let u(v) = -14004*v - 280069. Calculate u(-20).
11
Let n(c) = -c**3 - 64*c**2 + 327*c - 963. Calculate n(-69).
279
Let p(c) = -c**2 + 88*c - 986. Give p(75).
-11
Let o(b) = -4*b**2 - 238*b - 3442. Calculate o(-25).
8
Let t(i) = -12592*i**2 + 75549*i + 29. What is t(6)?
11
Let m(n) = -n**3 - 885*n**2 - 78499*n - 408. What is m(-100)?
-508
Let s(g) = -2*g**3 - 41*g**2 + 48*g + 42. Give s(-16).
-3030
Let v(u) = u**3 - 39*u**2 + 315*u - 61. Determine v(11).
16
Let g(c) = -c**3 + 161*c**2 + 776*c - 19184. What is g(165)?
-44
Let m(f) = -f**3 - 19*f**2 - 684*f - 4229. Calculate m(-7).
-29
Let p(x) = -x**2 + 81*x + 3361. What is p(99)?
1579
Let o(t) = -4145*t + 178560. Calculate o(43).
325
Let j(p) = -p**2 - 610*p - 14904. Calculate j(-24).
-840
Let j(q) = q**3 + 53*q**2 - 10642*q + 570. What is j(80)?
410
Let n(i) = -i**3 - 806*i**2 + 15695*i + 16467. Determine n(-825).
-33
Let i(w) = 2588*w - 98899. Calculate i(38).
-555
Let k(h) = -476*h**3 - 113*h - 113. Calculate k(-1).
476
Let m(y) = -29*y**2 - 1534*y + 24565. Give m(16).
-7403
Let n(x) = -9*x**3 + 28*x**2 + 12*x - 148. What is n(8)?
-2868
Let n(k) = k**3 - 1622*k**2 - 11405*k + 13. Give n(-7).
27
Let i(k) = -10568*k - 73860. Calculate i(-7).
116
Let m(s) = -s**3 - 237*s**2 + 193*s + 45728. Give m(-237).
-13
Let b(p) = -2*p**3 + 40*p**2 + 6*p + 310. What is b(20)?
430
Let r(q) = -6*q**2 - 801*q - 1194. Calculate r(-132).
-6
Let d(g) = g**2 - 260*g + 14355. What is d(171)?
-864
Let r(z) = -145*z**2 + 1335*z - 265. Give r(9).
5
Let a(z) = -z**3 - 29*z**2 + 205*z - 1680. Give a(-36).
12
Let f(p) = -p**3 + 68*p**2 - 314*p - 39. Calculate f(5).
-34
Let c(p) = -220*p**2 + 461*p - 11. Determine c(1).
230
Let x(b) = 339*b + 1289. Give x(-3).
272
Let g(t) = 2*t**2 - 3727*t + 62779. Give g(17).
-2
Let d(c) = 1702*c - 191918. Determine d(113).
408
Let d(g) = 6*g**2 - 12442*g - 1831267. Calculate d(-138).
-7
Let n(s) = 8*s**2 + 537*s - 576. Give n(-69).
459
Let n(a) = -a**2 + 17*a + 10038. Give n(110).
-192
Let u(a) = 3*a**3 + 2443*a**2 - 31428*a - 1599. Calculate u(-827).
55
Let x(a) = 5*a**3 + 245*a**2 + 45*a - 104. What is x(-49)?
-2309
Let l(r) = -19732*r - 60182593. Determine l(-3050).
7
Let b(a) = 7283*a - 29131. Give b(4).
1
Let s(n) = 255*n - 958. What is s(10)?
1592
Let m(y) = -y**3 - 113*y**2 + 216*y - 2173. Calculate m(-115).
-563
Let c(s) = -12*s**3 + 29*s**2